8
Suppose -3*z = -22 - 26. Let i(b) = 3*b**2 + 4*b - 7. Let w be i(-7). Calculate the greatest common factor of z and w.
16
Let u(l) = l**3 - 6*l**2 + 8*l - 9. Let i be u(6). What is the greatest common divisor of i and 13?
13
Let i(g) = 12 - g**2 - g + 6 + 3*g**2 - g**3. Let z be i(0). Let a be (-1)/((-2)/(-8))*-9. What is the highest common factor of z and a?
18
Let z(h) = h**3 - 4*h**2 - 3*h - 4. Let w be z(6). What is the greatest common factor of 20 and w?
10
Suppose -2*k - 5 = -k + 3*u, 5*k - 3*u = 29. Suppose -2*s + 4*s - 56 = 0. Calculate the greatest common factor of k and s.
4
Suppose 0 = 4*k - 15*k + 198. Calculate the highest common factor of 18 and k.
18
Suppose 0 = -5*t + 4*h + 646, -t + 5*h + 116 + 9 = 0. Suppose -g = 2, -m - 2*g = -t - 9. Calculate the greatest common factor of 13 and m.
13
Let q(a) = -a**2 + 2*a + 4. Let t be q(3). Let x be 51/t + 0 + -3. What is the greatest common divisor of x and 120?
24
Let z(n) = n**2 + 5*n + 6. Let h be z(-5). What is the highest common factor of 2 and h?
2
Suppose -2*o + 142 = -3*w + 5*w, 3*w - 218 = -4*o. Calculate the greatest common divisor of w and 44.
22
Let v be -15*2/((-4)/6). Suppose -4*f = -h - 2*h + 10, -3*h + 8 = -2*f. Let l be f/2 + 57/6. Calculate the highest common factor of l and v.
9
Suppose -9*o + 12*o = 63. Calculate the greatest common factor of 7 and o.
7
Let r = -12 - -45. What is the highest common factor of r and 11?
11
Suppose -2*b + b + 6 = -t, -4*b + 5*t = -28. Suppose 238 + 0 = b*y. Suppose -w + 6 + 11 = 0. Calculate the highest common factor of w and y.
17
Let d = 1218 - 657. What is the highest common divisor of 51 and d?
51
Suppose -3*m + 0*m = -15. Suppose -36 = -m*d + d. Calculate the highest common divisor of 3 and d.
3
Suppose 2*p - 1 = 5. Suppose -1 = -q + 4*l + 1, q - 2 = p*l. Suppose -4*v = 8, 2*m + q*v - 24 = 5*v. Calculate the greatest common divisor of 45 and m.
9
Suppose 4*d = -3*p - 0*p + 8, 0 = p + 4*d - 8. Let j be p*2/4*2. Suppose j*a = -4*a + 36. Calculate the greatest common divisor of a and 9.
9
Let w be 2*(-2)/(-4) + 123/41. Let o = 86 - 58. Calculate the highest common factor of o and w.
4
Let w = -151 - -338. Let s be 3 + -1 - (-9 + -6). Calculate the greatest common factor of s and w.
17
Let q be (68/12 + 0 + 0)*3. Suppose -3*g + 3*t = -0*g - 114, -5*g + 4*t = -186. What is the highest common divisor of q and g?
17
Suppose -3 = -a + 2, 205 = 5*f - a. Suppose 0 = -0*t + 2*t - y + 86, t + f = y. Let p = -16 - t. Calculate the greatest common factor of 7 and p.
7
Suppose -440 = 183*y - 191*y. Let l be 23 - (-1 - 0)*-1. Calculate the highest common factor of l and y.
11
Suppose -2*y + 25 + 7 = 0. Let n = y + -6. Let f(j) = -2*j + 6. Let p be f(-2). Calculate the greatest common divisor of n and p.
10
Suppose -12 = -h + 2*h + 3*g, g = -5*h + 10. Suppose -5*y - 2*v - h*v + 45 = 0, 3*y - 17 = 2*v. Calculate the highest common factor of 21 and y.
7
Let z(f) = f**3 + 8*f**2 + 4*f - 8. Let u be z(-7). Suppose -13 = -3*m + 2*m. What is the highest common divisor of m and u?
13
Let b be (-16)/(-24)*(1 + 5). Suppose 0 = 4*d - 5*o - 313, -2*o + 496 = 5*d + 80. Let z be (-2)/b - d/(-4). Calculate the greatest common divisor of 50 and z.
10
Let q = -17 + 91. What is the highest common divisor of q and 111?
37
Suppose -3*o + 19 = -2. What is the highest common factor of o and 77?
7
Let u = 2 - 1. Suppose 7 = p - u. Suppose -4*b - b + 5 = 0. What is the highest common divisor of b and p?
1
Let z(b) = b**3 + 9*b**2 + 2*b - 9. Let j(p) = p**2 + 5*p - 7. Let g be j(-5). Let x be z(g). What is the greatest common divisor of x and 30?
15
Let j(f) = -2*f**2 + 2*f + 1. Let g be j(3). Let s = 23 + g. Let k be (33/15 + -3)*-15. Calculate the highest common divisor of s and k.
12
Let u be 4 - ((3 - 326) + 5). What is the highest common factor of 14 and u?
14
Let t = -16 + 22. Let v = 113 - 95. Calculate the highest common factor of v and t.
6
Let v(k) = -k**2 + 8*k - 9. Let o be v(6). Suppose o*a = 8*a - 40. Calculate the greatest common divisor of 80 and a.
8
Let b(i) = i**3 + 8*i**2 + 6*i + 8. Let l be b(-7). What is the highest common factor of l and 75?
15
Let z(c) = 5*c - 17. Let x be z(5). Calculate the greatest common factor of 8 and x.
8
Let y be ((-20)/15)/(2/(-15)). Suppose -195 = -8*h + 3*h + z, 0 = -5*h - 4*z + 220. What is the greatest common factor of y and h?
10
Let g(t) = 11*t**2 + 0 + 3*t**2 - 1. Let p be g(-1). Calculate the highest common divisor of p and 104.
13
Suppose 13 = 5*n + 3. Calculate the highest common factor of 2 and n.
2
Let j = -41 + 65. What is the highest common divisor of j and 16?
8
Let t = -4 - -18. Let l = -27 + 41. Calculate the greatest common factor of t and l.
14
Let n be 16/12*51 - -2. Let o = n - 50. Suppose 3*m + 4 = 3*c + m, 0 = -4*c + m + 12. What is the highest common divisor of o and c?
4
Suppose -2 = -2*r - 0*r. Let z(s) = -2*s**2 + 11*s**2 + 31*s**2. Let c be z(r). Calculate the greatest common divisor of c and 100.
20
Suppose -2*j + r = 2*r - 35, -45 = -3*j + r. Let d(s) = 2*s + 23. Let n be d(j). What is the greatest common divisor of n and 11?
11
Suppose -253 = g - 0*g. Let w = 367 + g. Suppose 5*u - w + 29 = 0. What is the greatest common divisor of 34 and u?
17
Let v(a) = 8*a - 1. Let q be v(2). Let p = q + -10. Suppose h = -p + 12. What is the highest common divisor of 14 and h?
7
Suppose -5*p = 4*a - 80, -4*p = -0*p - 2*a - 64. Calculate the highest common divisor of 8 and p.
8
Let g(p) = 11*p - 30. Let x be g(4). What is the highest common factor of 182 and x?
14
Let p be 4*(-1)/2 + 4. What is the greatest common factor of 5 and p?
1
Suppose -5*w + 172 + 3 = 0. What is the greatest common divisor of 14 and w?
7
Let w be (-1)/(8/(-6))*24. What is the greatest common factor of 6 and w?
6
Let p(o) = -o. Let l be p(-5). Calculate the greatest common factor of 20 and l.
5
Suppose -7 = 2*m + 3. Let f = m + 9. Suppose f = 5*g - 11. Calculate the greatest common divisor of g and 2.
1
Let x(p) = -p**3 - p**2 - p + 90. Let q be 6/3 + -2 + 0. Let h be x(q). What is the greatest common divisor of h and 36?
18
Let n = 16 + 2. Let w(q) be the first derivative of -q**4/4 - 4*q**3/3 - 2*q**2 - 4*q + 1. Let u be w(-4). Calculate the highest common factor of u and n.
6
Let d(q) = q**3 + 10*q**2 - 12*q - 11. Let i be d(-11). Suppose -4 = -s - i*s. Suppose 0 = -s*w + 47 + 25. What is the greatest common divisor of 9 and w?
9
Let m(i) = -18*i - 1. Let v be m(-2). Suppose h - 2 = 3. Calculate the greatest common factor of h and v.
5
Let p(a) = -2*a**3 - 5*a**2 - a + 4. Suppose 5*d + 2 = -2*i - 11, 3*i = -3*d - 6. Let w be p(d). Calculate the greatest common divisor of 2 and w.
2
Let o = 9 - 24. Let y be (-474)/o - (-2)/5. Let x = -181 - -261. Calculate the greatest common factor of y and x.
16
Suppose 0 = -k + 7*k - 174. What is the greatest common factor of 319 and k?
29
Let s(u) = 3*u + 6. Suppose -2*p + 10 = 2*p - 5*h, -5*p - 2*h = -29. Let w be s(p). Suppose 0 = -y - 2*y + 42. Calculate the greatest common factor of y and w.
7
Let d(g) = g**3 - 14*g**2 + 13*g + 3. Let m be 15 - (2 - 0/4). Let h be d(m). Calculate the highest common divisor of 24 and h.
3
Suppose 5*h + 5 = 6*h. What is the greatest common factor of h and 35?
5
Let u(d) = 2*d**3 + 5*d**2 - 2*d + 5. Let g be u(-4). Let i be ((-14)/g)/((-1)/(-30)). What is the highest common divisor of 30 and i?
6
Suppose -3*n = 4*f - 47, -n + 4*f + 2 = -3. Let a = 49 - -42. Calculate the highest common divisor of n and a.
13
Let o(v) = 4*v**2 - v + 3. Let x be o(3). Let s(w) = -w**2 - 12*w - 20. Let n be s(-8). What is the greatest common factor of x and n?
12
Let s(f) = f + 63. Let i be s(0). Let d = 55 + -25. Let a = d - 21. Calculate the greatest common divisor of i and a.
9
Let s = 14 + -24. Let o be -30*(s/4)/5. Calculate the highest common factor of 135 and o.
15
Suppose -3*g = -2*g - 10. Suppose d = -5*m + 1 + g, -5*d = m + 17. Let z be m/(-2)*14/(-3). What is the highest common factor of 14 and z?
7
Suppose 5*y - 3*f = 20, 9*f = 5*y + 4*f - 20. What is the greatest common divisor of 1 and y?
1
Suppose 3*a - 3*j + j - 48 = 0, -4*a + 2*j + 64 = 0. Suppose -11*z = -a*z + 75. What is the greatest common divisor of z and 75?
15
Suppose 0*c - r - 17 = -2*c, -c = -3*r 